{"id":1926,"date":"2021-05-19T14:50:32","date_gmt":"2021-05-19T17:50:32","guid":{"rendered":"http:\/\/67.23.238.68\/plesk-site-preview\/fcmadvocacia.com.br\/https\/67.23.238.68\/?page_id=1926"},"modified":"2021-05-25T19:40:45","modified_gmt":"2021-05-25T22:40:45","slug":"imobiliario","status":"publish","type":"page","link":"https:\/\/www.fcmadvocacia.com.br\/index.php\/imobiliario\/","title":{"rendered":"Imobili\u00e1rio"},"content":{"rendered":"<h2>Imobili\u00e1rio<\/h2>\n<h2>Direito da laje<br \/>\nLei 13.465\/17<\/h2>\n<ul>\n<li>\n\t\t\t\t\t\t\t\t\t\tO direito civil amanheceu no dia 12 de Julho de 2017 com uma impactante novidade. Foi publicada a lei n\u00ba 13.465\/2017, foi fruto da convers\u00e3o da medida provis\u00f3ria 759\/2016. Trata-se de uma lei que, ao enfrentar com ousadia o problema das ocupa\u00e7\u00f5es irregulares de terras, chacoalha estruturas tradicionais do direito civil, denunciando que, entre as v\u00e1rias causas de prolifera\u00e7\u00e3o da informalidade na ocupa\u00e7\u00e3o fundi\u00e1ria, est\u00e1 tamb\u00e9m a progressiva decrepitude de alguns institutos de direito das coisas e das interpreta\u00e7\u00f5es correlatadas.\n\t\t\t\t\t\t\t\t\t<\/li>\n<\/ul>\n<p>\t\t\t<a role=\"button\"><br \/>\n\t\t\t\t\t\tEntrar em contato<br \/>\n\t\t\t\t\t<\/a><\/p>\n<h2>Usucapi\u00e3o<\/h2>\n<ul>\n<li>\n\t\t\t\t\t\t\t\t\t\tRural\n\t\t\t\t\t\t\t\t\t<\/li>\n<li>\n\t\t\t\t\t\t\t\t\t\tExtrajudicial\n\t\t\t\t\t\t\t\t\t<\/li>\n<li>\n\t\t\t\t\t\t\t\t\t\tUrbano\n\t\t\t\t\t\t\t\t\t<\/li>\n<li>\n\t\t\t\t\t\t\t\t\t\tFamiliar\n\t\t\t\t\t\t\t\t\t<\/li>\n<\/ul>\n<p>\t\t\t<a role=\"button\"><br \/>\n\t\t\t\t\t\tEntrar em contato<br \/>\n\t\t\t\t\t<\/a><\/p>\n<h2>Outros<\/h2>\n<ul>\n<li>\n\t\t\t\t\t\t\t\t\t\tCondom\u00ednios em geral\n\t\t\t\t\t\t\t\t\t<\/li>\n<li>\n\t\t\t\t\t\t\t\t\t\tAcess\u00f3ria para incorporadoras e construtoras\n\t\t\t\t\t\t\t\t\t<\/li>\n<li>\n\t\t\t\t\t\t\t\t\t\tCobran\u00e7a e execu\u00e7\u00e3o de locat\u00e1rios inadimplentes\n\t\t\t\t\t\t\t\t\t<\/li>\n<li>\n\t\t\t\t\t\t\t\t\t\tRevis\u00e3o de contrato de financiamento de im\u00f3vel\n\t\t\t\t\t\t\t\t\t<\/li>\n<li>\n\t\t\t\t\t\t\t\t\t\tReintegra\u00e7\u00e3o e manuten\u00e7\u00e3o de posse\n\t\t\t\t\t\t\t\t\t<\/li>\n<li>\n\t\t\t\t\t\t\t\t\t\tContratos de compra e venda e loca\u00e7\u00e3o de im\u00f3veis\n\t\t\t\t\t\t\t\t\t<\/li>\n<\/ul>\n<p>\t\t\t<a role=\"button\"><br \/>\n\t\t\t\t\t\tEntrar em contato<br \/>\n\t\t\t\t\t<\/a><\/p>\n","protected":false},"excerpt":{"rendered":"<p>Imobili\u00e1rio Direito da laje Lei 13.465\/17 O direito civil amanheceu no dia 12 de Julho de 2017 com uma impactante novidade. Foi publicada a lei n\u00ba 13.465\/2017, foi fruto da convers\u00e3o da medida provis\u00f3ria 759\/2016. Trata-se de uma lei que, ao enfrentar com ousadia o problema das ocupa\u00e7\u00f5es irregulares de terras, chacoalha estruturas tradicionais do [&hellip;]<\/p>\n","protected":false},"author":1,"featured_media":0,"parent":0,"menu_order":0,"comment_status":"closed","ping_status":"closed","template":"","meta":{"footnotes":""},"class_list":["post-1926","page","type-page","status-publish","hentry"],"_links":{"self":[{"href":"https:\/\/www.fcmadvocacia.com.br\/index.php\/wp-json\/wp\/v2\/pages\/1926","targetHints":{"allow":["GET"]}}],"collection":[{"href":"https:\/\/www.fcmadvocacia.com.br\/index.php\/wp-json\/wp\/v2\/pages"}],"about":[{"href":"https:\/\/www.fcmadvocacia.com.br\/index.php\/wp-json\/wp\/v2\/types\/page"}],"author":[{"embeddable":true,"href":"https:\/\/www.fcmadvocacia.com.br\/index.php\/wp-json\/wp\/v2\/users\/1"}],"replies":[{"embeddable":true,"href":"https:\/\/www.fcmadvocacia.com.br\/index.php\/wp-json\/wp\/v2\/comments?post=1926"}],"version-history":[{"count":34,"href":"https:\/\/www.fcmadvocacia.com.br\/index.php\/wp-json\/wp\/v2\/pages\/1926\/revisions"}],"predecessor-version":[{"id":2223,"href":"https:\/\/www.fcmadvocacia.com.br\/index.php\/wp-json\/wp\/v2\/pages\/1926\/revisions\/2223"}],"wp:attachment":[{"href":"https:\/\/www.fcmadvocacia.com.br\/index.php\/wp-json\/wp\/v2\/media?parent=1926"}],"curies":[{"name":"wp","href":"https:\/\/api.w.org\/{rel}","templated":true}]}}

Imobiliário

<h2>Imobiliário</h2>
<h2>Direito da laje<br />
Lei 13.465/17</h2>
<ul>
<li>
										O direito civil amanheceu no dia 12 de Julho de 2017 com uma impactante novidade. Foi publicada a lei nº 13.465/2017, foi fruto da conversão da medida provisória 759/2016. Trata-se de uma lei que, ao enfrentar com ousadia o problema das ocupações irregulares de terras, chacoalha estruturas tradicionais do direito civil, denunciando que, entre as várias causas de proliferação da informalidade na ocupação fundiária, está também a progressiva decrepitude de alguns institutos de direito das coisas e das interpretações correlatadas.
									</li>
</ul>
<p>			<a role="button"><br />
						Entrar em contato<br />
					</a></p>
<h2>Usucapião</h2>
<ul>
<li>
										Rural
									</li>
<li>
										Extrajudicial
									</li>
<li>
										Urbano
									</li>
<li>
										Familiar
									</li>
</ul>
<p>			<a role="button"><br />
						Entrar em contato<br />
					</a></p>
<h2>Outros</h2>
<ul>
<li>
										Condomínios em geral
									</li>
<li>
										Acessória para incorporadoras e construtoras
									</li>
<li>
										Cobrança e execução de locatários inadimplentes
									</li>
<li>
										Revisão de contrato de financiamento de imóvel
									</li>
<li>
										Reintegração e manutenção de posse
									</li>
<li>
										Contratos de compra e venda e locação de imóveis
									</li>
</ul>
<p>			<a role="button"><br />
						Entrar em contato<br />
					</a></p>

<p>Imobiliário Direito da laje Lei 13.465/17 O direito civil amanheceu no dia 12 de Julho de 2017 com uma impactante novidade. Foi publicada a lei nº 13.465/2017, foi fruto da conversão da medida provisória 759/2016. Trata-se de uma lei que, ao enfrentar com ousadia o problema das ocupações irregulares de terras, chacoalha estruturas tradicionais do [&hellip;]</p>
