{"id":17,"date":"2021-02-20T04:44:55","date_gmt":"2021-02-20T04:44:55","guid":{"rendered":"http:\/\/67.23.238.68\/plesk-site-preview\/fcmadvocacia.com.br\/https\/67.23.238.68\/index.php\/home\/"},"modified":"2021-05-26T16:58:42","modified_gmt":"2021-05-26T19:58:42","slug":"home","status":"publish","type":"page","link":"https:\/\/www.fcmadvocacia.com.br\/index.php\/home\/","title":{"rendered":"Home"},"content":{"rendered":"<p><img decoding=\"async\" width=\"201\" height=\"162\" src=\"http:\/\/67.23.238.68\/plesk-site-preview\/fcmadvocacia.com.br\/https\/67.23.238.68\/wp-content\/uploads\/2021\/05\/logo-200px.png\" alt=\"\" loading=\"lazy\" \/>\t\t\t\t\t\t\t\t\t\t\t\t\t\t\t<\/p>\n<h2>Covid-19<\/h2>\n<p data-w-id=\"71e2d902-ae44-49bb-27a6-b6aadb3c5201\">A Pandemia atualmente conhecida como COVID19, alterou a<\/p>\n<p data-w-id=\"71e2d902-ae44-49bb-27a6-b6aadb3c5201\">vida de toda popula\u00e7\u00e3o mundial, inclusive trouxe<\/p>\n<p data-w-id=\"71e2d902-ae44-49bb-27a6-b6aadb3c5201\">grandes altera\u00e7\u00f5es jur\u00eddicas em diversos ramos do direito.<\/p>\n<p>\t\t\t<a role=\"button\"><br \/>\n\t\t\t\t\t\tSaiba mais<br \/>\n\t\t\t\t\t<\/a><\/p>\n<h2>Direito<\/h2>\n<h2>\u00c1reas de atua\u00e7\u00e3o<\/h2>\n<p>Trabalhista<\/p>\n<p>Civil<\/p>\n<p>Previdenci\u00e1rio<\/p>\n<p>Contratual<\/p>\n<p>Imobili\u00e1rio<\/p>\n<p>A miss\u00e3o do nosso escrit\u00f3rio \u00e9 ter a certeza de solucionar a quest\u00e3o a qual nossos clientes nos contratam.<\/p>\n<p>Prestamos servi\u00e7os em diversas \u00e1reas do direito, com atua\u00e7\u00e3o destacada tanto na esfera preventiva ou contenciosa.\u00a0<\/p>\n<p>Trabalhamos comprometidos com a \u00e9tica e o atendimento s\u00e9rio e respons\u00e1vel, procurando assim, fazer com que os trabalhos prestados atinjam resultados satisfat\u00f3rios.\u00a0<\/p>\n<p>\t\t\t\t\t\t\t\t\t\t\t\t\t\t\t<img decoding=\"async\" width=\"950\" height=\"1024\" src=\"http:\/\/67.23.238.68\/plesk-site-preview\/fcmadvocacia.com.br\/https\/67.23.238.68\/wp-content\/uploads\/2021\/05\/terno-950x1024.png\" alt=\"\" loading=\"lazy\" srcset=\"http:\/\/67.23.238.68\/plesk-site-preview\/fcmadvocacia.com.br\/https\/67.23.238.68\/wp-content\/uploads\/2021\/05\/terno-950x1024.png 950w, http:\/\/67.23.238.68\/plesk-site-preview\/fcmadvocacia.com.br\/https\/67.23.238.68\/wp-content\/uploads\/2021\/05\/terno-278x300.png 278w, http:\/\/67.23.238.68\/plesk-site-preview\/fcmadvocacia.com.br\/https\/67.23.238.68\/wp-content\/uploads\/2021\/05\/terno-768x828.png 768w, http:\/\/67.23.238.68\/plesk-site-preview\/fcmadvocacia.com.br\/https\/67.23.238.68\/wp-content\/uploads\/2021\/05\/terno-1425x1536.png 1425w, http:\/\/67.23.238.68\/plesk-site-preview\/fcmadvocacia.com.br\/https\/67.23.238.68\/wp-content\/uploads\/2021\/05\/terno-1900x2048.png 1900w, http:\/\/67.23.238.68\/plesk-site-preview\/fcmadvocacia.com.br\/https\/67.23.238.68\/wp-content\/uploads\/2021\/05\/terno.png 1920w\" sizes=\"auto, (max-width: 950px) 100vw, 950px\" \/>\t\t\t\t\t\t\t\t\t\t\t\t\t\t\t<\/p>\n<h3>Aux\u00edlio<br \/>doen\u00e7a<\/h3>\n<h3>Negativa\u00e7\u00e3o<br \/>indevida <\/h3>\n<h3>Pens\u00e3o<br \/>por morte<\/h3>\n<h3>Aposentadoria<br \/>por tempo<\/h3>\n<h3>Aux\u00edlio<br \/>acidente<\/h3>\n<h3>Aposentadoria<br \/>por idade<\/h3>\n<h2>Revis\u00e3o de Financiamento, Ve\u00edculos e im\u00f3veis.<\/h2>\n<h2>Presta\u00e7\u00f5es atrasadas, n\u00e3o perca seu patrim\u00f4nio.<\/h2>\n<h2>Saiba se voc\u00ea est\u00e1 pagando juros abusivos<\/h2>\n<p>As taxas irregulares, tarifas excess\u00edvas e juros capitalizados e abusivos s\u00e3o valores cobrados por bancos, institui\u00e7\u00f5es financeiras e prestadoras de servi\u00e7o que se encontram acima da m\u00e9dia de mercado.<\/p>\n<p>Em nosso pa\u00eds essas cobran\u00e7as acontecem muitas vezes pelo desconhecimento do consumidor sobre o que realmente deve pagar d\u00favidas quanto as taxas, tarifas, juros, entre outras cobran\u00e7as.<\/p>\n<p>\t\t\t<a role=\"button\"><br \/>\n\t\t\t\t\t\tEntrar em contato<br \/>\n\t\t\t\t\t<\/a><br \/>\n\t\t\t\t\t\t\t\t\t\t\t\t\t\t\t<img decoding=\"async\" width=\"960\" height=\"968\" src=\"http:\/\/67.23.238.68\/plesk-site-preview\/fcmadvocacia.com.br\/https\/67.23.238.68\/wp-content\/uploads\/2021\/05\/img-balanca.png\" alt=\"\" loading=\"lazy\" srcset=\"http:\/\/67.23.238.68\/plesk-site-preview\/fcmadvocacia.com.br\/https\/67.23.238.68\/wp-content\/uploads\/2021\/05\/img-balanca.png 960w, http:\/\/67.23.238.68\/plesk-site-preview\/fcmadvocacia.com.br\/https\/67.23.238.68\/wp-content\/uploads\/2021\/05\/img-balanca-298x300.png 298w, http:\/\/67.23.238.68\/plesk-site-preview\/fcmadvocacia.com.br\/https\/67.23.238.68\/wp-content\/uploads\/2021\/05\/img-balanca-150x150.png 150w, http:\/\/67.23.238.68\/plesk-site-preview\/fcmadvocacia.com.br\/https\/67.23.238.68\/wp-content\/uploads\/2021\/05\/img-balanca-768x774.png 768w\" sizes=\"auto, (max-width: 960px) 100vw, 960px\" \/><\/p>\n","protected":false},"excerpt":{"rendered":"<p>Covid-19 A Pandemia atualmente conhecida como COVID19, alterou a vida de toda popula\u00e7\u00e3o mundial, inclusive trouxe grandes altera\u00e7\u00f5es jur\u00eddicas em diversos ramos do direito. Saiba mais Direito \u00c1reas de atua\u00e7\u00e3o Trabalhista Civil Previdenci\u00e1rio Contratual Imobili\u00e1rio A miss\u00e3o do nosso escrit\u00f3rio \u00e9 ter a certeza de solucionar a quest\u00e3o a qual nossos clientes nos contratam. Prestamos [&hellip;]<\/p>\n","protected":false},"author":1,"featured_media":0,"parent":0,"menu_order":0,"comment_status":"closed","ping_status":"closed","template":"","meta":{"footnotes":""},"class_list":["post-17","page","type-page","status-publish","hentry"],"_links":{"self":[{"href":"https:\/\/www.fcmadvocacia.com.br\/index.php\/wp-json\/wp\/v2\/pages\/17","targetHints":{"allow":["GET"]}}],"collection":[{"href":"https:\/\/www.fcmadvocacia.com.br\/index.php\/wp-json\/wp\/v2\/pages"}],"about":[{"href":"https:\/\/www.fcmadvocacia.com.br\/index.php\/wp-json\/wp\/v2\/types\/page"}],"author":[{"embeddable":true,"href":"https:\/\/www.fcmadvocacia.com.br\/index.php\/wp-json\/wp\/v2\/users\/1"}],"replies":[{"embeddable":true,"href":"https:\/\/www.fcmadvocacia.com.br\/index.php\/wp-json\/wp\/v2\/comments?post=17"}],"version-history":[{"count":183,"href":"https:\/\/www.fcmadvocacia.com.br\/index.php\/wp-json\/wp\/v2\/pages\/17\/revisions"}],"predecessor-version":[{"id":2232,"href":"https:\/\/www.fcmadvocacia.com.br\/index.php\/wp-json\/wp\/v2\/pages\/17\/revisions\/2232"}],"wp:attachment":[{"href":"https:\/\/www.fcmadvocacia.com.br\/index.php\/wp-json\/wp\/v2\/media?parent=17"}],"curies":[{"name":"wp","href":"https:\/\/api.w.org\/{rel}","templated":true}]}}

<p><img decoding="async" width="201" height="162" src="http://67.23.238.68/plesk-site-preview/fcmadvocacia.com.br/https/67.23.238.68/wp-content/uploads/2021/05/logo-200px.png" alt="" loading="lazy" />															</p>
<h2>Covid-19</h2>
<p data-w-id="71e2d902-ae44-49bb-27a6-b6aadb3c5201">A Pandemia atualmente conhecida como COVID19, alterou a</p>
<p data-w-id="71e2d902-ae44-49bb-27a6-b6aadb3c5201">vida de toda população mundial, inclusive trouxe</p>
<p data-w-id="71e2d902-ae44-49bb-27a6-b6aadb3c5201">grandes alterações jurídicas em diversos ramos do direito.</p>
<p>			<a role="button"><br />
						Saiba mais<br />
					</a></p>
<h2>Direito</h2>
<h2>Áreas de atuação</h2>
<p>Trabalhista</p>
<p>Civil</p>
<p>Previdenciário</p>
<p>Contratual</p>
<p>Imobiliário</p>
<p>A missão do nosso escritório é ter a certeza de solucionar a questão a qual nossos clientes nos contratam.</p>
<p>Prestamos serviços em diversas áreas do direito, com atuação destacada tanto na esfera preventiva ou contenciosa. </p>
<p>Trabalhamos comprometidos com a ética e o atendimento sério e responsável, procurando assim, fazer com que os trabalhos prestados atinjam resultados satisfatórios. </p>
<p>															<img decoding="async" width="950" height="1024" src="http://67.23.238.68/plesk-site-preview/fcmadvocacia.com.br/https/67.23.238.68/wp-content/uploads/2021/05/terno-950x1024.png" alt="" loading="lazy" srcset="http://67.23.238.68/plesk-site-preview/fcmadvocacia.com.br/https/67.23.238.68/wp-content/uploads/2021/05/terno-950x1024.png 950w, http://67.23.238.68/plesk-site-preview/fcmadvocacia.com.br/https/67.23.238.68/wp-content/uploads/2021/05/terno-278x300.png 278w, http://67.23.238.68/plesk-site-preview/fcmadvocacia.com.br/https/67.23.238.68/wp-content/uploads/2021/05/terno-768x828.png 768w, http://67.23.238.68/plesk-site-preview/fcmadvocacia.com.br/https/67.23.238.68/wp-content/uploads/2021/05/terno-1425x1536.png 1425w, http://67.23.238.68/plesk-site-preview/fcmadvocacia.com.br/https/67.23.238.68/wp-content/uploads/2021/05/terno-1900x2048.png 1900w, http://67.23.238.68/plesk-site-preview/fcmadvocacia.com.br/https/67.23.238.68/wp-content/uploads/2021/05/terno.png 1920w" sizes="auto, (max-width: 950px) 100vw, 950px" />															</p>
<h3>Auxílio<br />doença</h3>
<h3>Negativação<br />indevida </h3>
<h3>Pensão<br />por morte</h3>
<h3>Aposentadoria<br />por tempo</h3>
<h3>Auxílio<br />acidente</h3>
<h3>Aposentadoria<br />por idade</h3>
<h2>Revisão de Financiamento, Veículos e imóveis.</h2>
<h2>Prestações atrasadas, não perca seu patrimônio.</h2>
<h2>Saiba se você está pagando juros abusivos</h2>
<p>As taxas irregulares, tarifas excessívas e juros capitalizados e abusivos são valores cobrados por bancos, instituições financeiras e prestadoras de serviço que se encontram acima da média de mercado.</p>
<p>Em nosso país essas cobranças acontecem muitas vezes pelo desconhecimento do consumidor sobre o que realmente deve pagar dúvidas quanto as taxas, tarifas, juros, entre outras cobranças.</p>
<p>			<a role="button"><br />
						Entrar em contato<br />
					</a><br />
															<img decoding="async" width="960" height="968" src="http://67.23.238.68/plesk-site-preview/fcmadvocacia.com.br/https/67.23.238.68/wp-content/uploads/2021/05/img-balanca.png" alt="" loading="lazy" srcset="http://67.23.238.68/plesk-site-preview/fcmadvocacia.com.br/https/67.23.238.68/wp-content/uploads/2021/05/img-balanca.png 960w, http://67.23.238.68/plesk-site-preview/fcmadvocacia.com.br/https/67.23.238.68/wp-content/uploads/2021/05/img-balanca-298x300.png 298w, http://67.23.238.68/plesk-site-preview/fcmadvocacia.com.br/https/67.23.238.68/wp-content/uploads/2021/05/img-balanca-150x150.png 150w, http://67.23.238.68/plesk-site-preview/fcmadvocacia.com.br/https/67.23.238.68/wp-content/uploads/2021/05/img-balanca-768x774.png 768w" sizes="auto, (max-width: 960px) 100vw, 960px" /></p>

<p>Covid-19 A Pandemia atualmente conhecida como COVID19, alterou a vida de toda população mundial, inclusive trouxe grandes alterações jurídicas em diversos ramos do direito. Saiba mais Direito Áreas de atuação Trabalhista Civil Previdenciário Contratual Imobiliário A missão do nosso escritório é ter a certeza de solucionar a questão a qual nossos clientes nos contratam. Prestamos [&hellip;]</p>
